osite number?
False
Suppose 2*d + 4*p = -16, 5*d - 20 = -0*d + 2*p. Let k = -3 + d. Is (-2 - -4)/(k/(-17)) a prime number?
False
Let a be 6 + (2 - (2 - -2)). Suppose 2*f - s - 376 = 0, f + f = a*s + 382. Let r = f + -128. Is r prime?
True
Let o(f) = -f - 3. Let z be o(-6). Suppose 532 = p + z*p. Is p a composite number?
True
Is (-10566)/12*(-2)/3 a composite number?
False
Suppose 3*q - w = 3488, 0*q - 4*w - 5811 = -5*q. Is q a prime number?
True
Let c(i) = 9*i**2 - 3*i - 3. Let q be c(3). Let x = 122 - q. Is x prime?
True
Let i(b) = 196*b. Let q be i(1). Suppose 3*d = -d + q. Is d prime?
False
Suppose -7*x - 2 = -6*x. Let g(b) = -3*b - 9*b + 0 - 1. Is g(x) a composite number?
False
Suppose w - 191 = 185. Suppose -2*k + w = -2*s, -k + 2*k - 5*s - 200 = 0. Is k a prime number?
False
Let d(w) = -23*w - 7. Is d(-2) a composite number?
True
Suppose 4*l + d = -l + 2105, -3*l - d + 1261 = 0. Is (-1)/(-1*2/l) a prime number?
True
Let l be (1 - (-879)/9)*3. Suppose 2*k - 6*k = -l. Is k a composite number?
True
Suppose 4*q + 13 = -3*h + 4, -9 = 3*q + 3*h. Suppose 5*g + 25 = -3*b, b + 2*g = -3*b - 10. Suppose -4*s + 392 = -q*s + 2*c, -c + 2 = b. Is s prime?
True
Suppose -4*y + 3*o + 635 = 0, -o - 2*o + 170 = y. Is y composite?
True
Let x(c) be the third derivative of 1/6*c**4 + 0*c - 1/6*c**3 - 1/120*c**6 - 1/60*c**5 + 3*c**2 + 0. Is x(-5) a prime number?
True
Suppose 98 = -4*j + 5*b, 4*j = -j + 3*b - 116. Is j/(-4) - 1/(-2) a prime number?
False
Suppose -5*b - 4*m = -56 - 59, 2*m - 86 = -4*b. Suppose 4*u = 7 - b, 4*o + u = -3. Suppose 4*r - 60 = -o*r. Is r prime?
False
Suppose 8 = 2*c - 0*c. Let d be 6*((-670)/c)/(-5). Suppose -f - 4*t = -6*f + d, -4 = t. Is f prime?
True
Suppose -15*w + 628 = -11*w. Is w composite?
False
Let j be (7/28)/(1/628). Suppose -t = -0*t - j. Is t composite?
False
Suppose 3*i = 3*k - 183, -2*k = -k + i - 57. Is k composite?
False
Is 5724/10 + 18/30 a composite number?
True
Suppose -10 = 2*g - 4*g. Suppose g*x = -b + 35, 3*b - 2*b - 25 = -3*x. Is b prime?
False
Let s(z) = 40*z**2 - 2*z + 5. Is s(-3) composite?
True
Let y be 1 + -2*(-3)/6. Let a(g) = 10*g - 2 - g**y - 1 + 1. Is a(5) composite?
False
Suppose -79*y = -83*y + 1208. Is y prime?
False
Suppose 5*c = p + 2735, -p - 4*p = -5*c + 2735. Is c prime?
True
Is (113/(-3))/(8/(-24)) a prime number?
True
Let m = -3166 - -12677. Is m a prime number?
True
Let c(h) = -h**2 - 7*h - 2 + 6*h**2 + 9*h. Let z be c(-2). Let r = -7 + z. Is r a composite number?
False
Let j be 2/((-3)/3) + 1. Let s be -2 + (-192 - 1)*j. Suppose -5*u = -0*u + 4*w - 355, 3*u - 2*w = s. Is u a prime number?
True
Suppose m - 1598 = -3*p + 6*m, 3*p + m - 1628 = 0. Is p a composite number?
False
Suppose c - 28 - 263 = 0. Is c a prime number?
False
Let d be (-1 - 0)*(-11 - 0). Suppose t = 42 - d. Is t composite?
False
Suppose -d - 5*v + 8 = 0, 4*d + 0*d - 5*v = 7. Suppose d*x + x = 316. Is x a composite number?
False
Let i = 530 - 322. Let o = 587 - i. Is o prime?
True
Suppose -7*j + 30 = -2*j. Suppose 2*k = 3*p + 15, k = j*k - 4*p - 55. Is 2/10 + 192/k composite?
False
Let r be 82 + 4 + -6 - 0. Is r - (6 + -4) - -1 composite?
False
Let y be ((-134)/(-4))/((-4)/32). Let o = -77 - y. Is o a composite number?
False
Suppose -4*b = -6*a + 4*a + 546, -3*a = b - 784. Is a a prime number?
True
Let y be (-1 + 2)*(-2)/(-2). Is (91 - 6/(-2))*y a composite number?
True
Suppose -5*n = -2366 - 614. Let i = n + -409. Is i composite?
True
Let y = 104 + -18. Is y prime?
False
Let a be (-7)/((-14)/12) + -2. Suppose -27 = -a*y - 3. Let b(p) = p**3 - 6*p**2 + 10*p - 7. Is b(y) a prime number?
True
Let t(l) = 3*l**2 - l. Suppose -4*o + 3 = -5. Is t(o) composite?
True
Let d(r) = r**2 - 3*r - 10. Let c be d(7). Let f = -5 + c. Is f composite?
False
Let y(z) = 6*z - 3. Let l be y(2). Let t be 231/l - 2/3. Suppose t + 14 = j. Is j a prime number?
False
Suppose 0 = -13*x + 4*x + 2385. Is x prime?
False
Is ((78133/(-4))/(-11))/((-2)/(-8)) a prime number?
True
Let l be 3/1*(-3 - -2). Is 10 + ((-6)/l - 3) a composite number?
True
Let n be (-4 + -5)*(-2)/(-2). Is ((-615)/(-9))/((-3)/n) composite?
True
Is (-2)/5 + (-3416)/(-40) a composite number?
True
Let m(a) = 29*a**2 + 3*a - 4. Let u be m(-4). Let b = -291 + u. Is b composite?
False
Let i(o) = -5*o**2 + 10*o + 9. Let l(v) = -2*v - 2. Let a be l(2). Let p be i(a). Let d = 386 + p. Is d a composite number?
True
Let o = -405 + 858. Is o prime?
False
Let c(n) = 9*n**2 + 9*n - 23. Let u(j) = 5*j**2 + 5*j - 11. Let m(r) = 4*c(r) - 7*u(r). Let a be m(0). Let x = a + 30. Is x prime?
False
Let d = -2 - -4. Let b = 0 + d. Suppose 88 = 6*z - b*z. Is z prime?
False
Suppose 2*i - 160 = -5*v + 7*i, v + 5*i - 26 = 0. Let b(p) = -p**3 + 10*p**2 - 5*p + 8. Let c be b(7). Let n = c - v. Is n a prime number?
True
Suppose 7*t = -6*t + 273. Is t composite?
True
Suppose p - n - 21 = 4*n, -n = -2*p + 6. Is 2 - ((p - 2) + -12) composite?
True
Let v(g) = -5*g**3 - 4*g**2 + 6*g - 5. Is v(-8) a composite number?
False
Let r(b) = b**2 - 5*b - 4. Let a be r(6). Suppose 18 = -y + 5*c + 2, 3*y - a*c = 4. Suppose 4*m + 42 = 4*o - 18, 2*o + y*m - 30 = 0. Is o prime?
False
Let l(p) = 12*p + 7. Let i = 19 + -10. Let r be i/(-4)*(-32)/12. Is l(r) prime?
True
Let b(w) = 6*w**2 + 3*w. Let s be b(-7). Suppose 0*n + 2*u = 5*n - s, 151 = 3*n + 2*u. Is n prime?
True
Let j = 38 - 19. Is j a composite number?
False
Let y be 3 - ((-9)/(-3) + -2). Suppose 3 = f - 1, -36 = -4*h + y*f. Is h a composite number?
False
Let b = -183 + 523. Suppose n - b = -3*n. Is n prime?
False
Suppose 0 = -3*m - 4 + 13. Suppose -s = 1, 0 = -0*r - 4*r + m*s + 463. Is r a composite number?
True
Let y(o) = -4*o + 4*o - 1 + 20*o**2. Let b be y(1). Is (3 - 0 - 1) + b composite?
True
Suppose -4*r - 4 - 12 = 0, -7 = 5*j + 3*r. Let b(k) = 192*k - 1. Let q be b(j). Suppose 269 + q = 4*z. Is z prime?
False
Suppose 5*y + 38 = -147. Let z = -23 - y. Is z composite?
True
Suppose -m = -2 - 1. Let r(f) = -4 - 7*f**2 - 3*f**m + f**3 + 5*f + 3*f**3. Is r(7) prime?
True
Let w(a) = -4*a**3 + a**2 + 5*a + 11. Is w(-3) composite?
False
Let f(p) = 12*p - 11. Let u(h) = 11*h - 10. Let t(w) = 6*f(w) - 7*u(w). Let b(k) = -k**3 + 12*k**2 - 3. Let j be b(12). Is t(j) prime?
True
Let w = 688 - 451. Is w a prime number?
False
Let o = -23 + 26. Suppose 0 = 4*u - b - 309, u = -0*u - o*b + 74. Is u a prime number?
False
Suppose 4*g - 425 = -49. Suppose 3*c + g = 5*c. Is c a composite number?
False
Let h be 1/(-5) - (-1)/5. Let o(z) = -z + 77. Is o(h) a prime number?
False
Let z(s) be the second derivative of s**5/20 - 3*s**4/4 + 2*s**3 - 11*s**2/2 - s. Suppose -5*a = -38 - 2. Is z(a) composite?
True
Let d(z) = z**3 + 2*z**2 - z. Let m be d(-2). Suppose 0 = -2*n - 0 - m. Let i(p) = -22*p**3 + p. Is i(n) a composite number?
True
Let b(w) = 3*w**3 - 2*w**2 - 2*w - 3. Let h(z) = -4*z**3 + 3*z**2 + z + 2. Let n(j) = -3*b(j) - 2*h(j). Is n(-4) a composite number?
False
Suppose m + 19 = -5*b + 66, -4*m - 5*b + 218 = 0. Suppose -p + 70 + m = 0. Is p a composite number?
False
Suppose 0 = -3*z - 2*b + 108, 3*z - 5*b = 5*z - 61. Suppose x - z = -107. Let o = x - -124. Is o composite?
True
Suppose 5*s - 3 - 4 = 2*i, i - 4*s + 8 = 0. Suppose 0*t = i*t - 92. Is t composite?
False
Let x(u) = 94*u. Let w be x(1). Suppose -2*l + w = -2*m, 0*l + 3*m + 243 = 5*l. Suppose -2*q = -3*q + l. Is q a composite number?
True
Suppose -4*n - 39 = -103. Suppose -b - 3*p = 3*b - 16, -4*b + n = -2*p. Suppose -b*t = -4*z + 544, -674 = 2*z - 7*z + 3*t. Is z a prime number?
False
Suppose 3804 = 2*n - 2*b, -5*n + 0*b - 2*b + 9489 = 0. Is (n/27)/(2/6) prime?
True
Let z be (-2 + (-4)/(-3))*3. Is -66*4/z + 1 a composite number?
True
Let g = 1 + 1. Suppose -g*i = i. Is 32 + (2 + -1 - i) composite?
True
Let c = 35 - 22. Is c prime?
True
Suppose -20 = -2*j + 10. Suppose -3*d - 3 = -j. Suppose 4 = -4*n - d*i + 88, 4*n - 82 = -5*i. Is n prime?
True
Let p(w) = 6*w + 45. Is p(19) a composite number?
True
Let w(s) = -s**2 + 25*s - 5. Suppose r - 14 - 1 = 0. Is w(r) composite?
True
Let w = 5 - 3. Let c(s) = 6 + 2*s**w - 2 + 0*s + 4*s. Is c(-5) prime?
False
Let p(l) = 2*l**2 - 6*l + 1. Is p(-6) a composite number?
False
Suppose 3*u + 3 = -5*f, 3*u - f - 4*f - 27 = 0. Is 507/4 - (-1)/u composite?
False
Let r = 135 - 46. Is r comp